973*v + 2184889. What is s(-59)?
1
Let s(u) = u**2 - 17570*u - 1695925. Give s(-96).
11
Let q(t) = -98053*t - 587744. What is q(-6)?
574
Let t(a) = -20963*a - 670682. Calculate t(-32).
134
Let v(z) = z**3 - 4*z**2 - 1501*z + 61. Determine v(-37).
-531
Let y(c) = -5*c**2 + 656*c - 175. Give y(131).
-44
Let g(o) = -613*o - 7842. Determine g(-15).
1353
Let m(f) = 951*f**2 + 31386*f + 86. Determine m(-33).
-13
Let o(u) = 2*u**3 - 247*u**2 - 8292*u - 1964. Calculate o(151).
-1
Let a(t) = 1600*t + 28800. Calculate a(-18).
0
Let m(q) = 414*q + 12489. What is m(-30)?
69
Let a(b) = -84*b**2 + 690*b - 157. Give a(8).
-13
Let o(q) = -8*q**3 - 909*q**2 - 899*q + 6. Give o(-1).
4
Let c(f) = 22*f**3 - 141*f**2 + 163*f + 234. Calculate c(4).
38
Let z(c) = 9*c**3 + 1387*c**2 + 246*c + 14175. Give z(-154).
7
Let p(j) = 171*j**2 - 2382*j - 74. Determine p(14).
94
Let a(z) = 51312*z - 461793. What is a(9)?
15
Let g(v) = v**3 + 18*v**2 - 132*v - 1670. Give g(-20).
170
Let m(y) = -4977*y + 278723. Determine m(56).
11
Let x(w) = 93*w**2 - 2760*w - 894. Determine x(30).
6
Let n(c) = 514*c - 5160. Give n(10).
-20
Let u(d) = -3*d**2 + 1266*d - 17637. Calculate u(14).
-501
Let t(p) = -5300*p - 169597. Calculate t(-32).
3
Let w(v) = -427*v**2 + 19674*v - 1479. What is w(46)?
-7
Let o(l) = -20*l**2 - 1050*l + 10. Give o(0).
10
Let l(g) = 23672*g - 686436. Give l(29).
52
Let t(o) = 14*o**2 + 341*o + 1853. What is t(-9)?
-82
Let i(v) = -192*v - 13114. What is i(-68)?
-58
Let g(w) = -4105*w - 49286. What is g(-12)?
-26
Let i(s) = s**3 + 59*s**2 + s - 34. Calculate i(-59).
-93
Let u(y) = 5*y**2 - 507*y + 3702. What is u(8)?
-34
Let j(z) = 65*z**3 - 102*z**2 - 40*z + 76. What is j(2)?
108
Let v(g) = -g**3 - 51*g**2 + 114*g + 892. Give v(-53).
468
Let w(h) = 11*h**2 + 13907*h + 69270. Calculate w(-5).
10
Let b(f) = -557*f + 1442. What is b(3)?
-229
Let y(d) = d**3 - 463*d**2 + 2307*d - 122. Determine y(5).
-37
Let w(p) = 86*p**2 - 7905*p - 649. Give w(92).
-5
Let t(b) = -66*b**2 + 312*b - 130. Give t(5).
-220
Let b(j) = -934*j**2 - 1330*j + 1331. Calculate b(1).
-933
Let d(k) = 2*k**3 + 35*k**2 + 3017*k + 47525. Calculate d(-16).
21
Let n(i) = i**3 + 257*i**2 - 513*i + 1254. Give n(-259).
-41
Let k(o) = o**3 + 28*o**2 - 556*o + 306. Determine k(13).
7
Let q(b) = 4*b**2 - 1630*b + 12781. What is q(8)?
-3
Let t(l) = 3*l**3 + 25*l**2 - 77*l - 15. Calculate t(6).
1071
Let b(r) = 266353*r - 1598144. What is b(6)?
-26
Let h(y) = -2*y**2 + 603*y - 36538. Give h(84).
2
Let n(d) = -164*d**2 + 992*d - 43. What is n(6)?
5
Let s(r) = -r**2 - 642*r + 24154. Give s(34).
1170
Let x(w) = -4*w**3 + 51*w**2 - 29*w + 8. What is x(11)?
536
Let q(a) = -a**3 - 273*a**2 + 8750*a + 215. Calculate q(29).
-17
Let b(c) = c**2 - 855. Determine b(39).
666
Let j(m) = -4*m**2 + 1164*m + 30599. What is j(-26)?
-2369
Let x(z) = 7264*z - 108277. Calculate x(15).
683
Let b(y) = 1736*y**2 + 59023*y - 75. Give b(-34).
-41
Let n(t) = -760479*t - 5323361. What is n(-7)?
-8
Let a(d) = -5491*d + 44105. Calculate a(8).
177
Let r(i) = -150*i**2 + 5672*i + 1141. Give r(38).
77
Let d(k) = 6*k**2 + 642*k + 2471. Give d(-103).
-1
Let f(l) = -51*l**2 + 23584*l + 132928. Determine f(468).
16
Let u(b) = -223*b - 9395. Give u(-41).
-252
Let t(k) = 23*k**3 - 1749*k**2 + 401*k - 24673. Give t(76).
27
Let u(g) = -723*g + 57423. Give u(80).
-417
Let x(d) = 5*d**2 - 56*d + 113. Determine x(18).
725
Let c(u) = 33131*u - 397998. Give c(12).
-426
Let y(h) = -4*h**3 + h**2 - 17*h - 7. Determine y(-6).
995
Let r(s) = 4247*s + 581838. Give r(-137).
-1
Let q(h) = h**3 + 49*h**2 - 215*h + 185. Determine q(-53).
344
Let i(g) = 6*g**2 - 104*g + 293. Determine i(3).
35
Let i(d) = -6799*d + 761485. Calculate i(112).
-3
Let u(h) = -2*h**3 + 242*h**2 + 1777*h - 158067. What is u(123)?
-12
Let q(s) = -133*s**2 + 82987*s + 3089. What is q(624)?
-31
Let o(f) = -985*f - 23309. What is o(-23)?
-654
Let p(t) = -t**3 - 36*t**2 - 158*t - 231. Determine p(-30).
-891
Let a(x) = -18*x**2 - 6147*x - 3092. Determine a(-341).
-23
Let j(o) = -102*o - 407. What is j(12)?
-1631
Let q(m) = -m**2 - 12442*m + 62231. Give q(5).
-4
Let a(y) = -286*y**2 + 1362*y + 4018. What is a(-3)?
-2642
Let g(o) = -135511*o - 55830537. Calculate g(-412).
-5
Let h(c) = c**3 - 1054*c**2 + 10712*c - 283963. What is h(1044)?
5
Let n(z) = 62*z**3 - 27*z**2 - 2*z + 27. Calculate n(-1).
-60
Let p(u) = -2*u**3 + 794*u**2 - 18612*u + 302. Calculate p(25).
2
Let a(u) = -42392*u + 11191490. Give a(264).
2
Let o(p) = -3373*p**2 + 3442*p - 72. Give o(1).
-3
Let g(k) = -578*k + 6548. What is g(12)?
-388
Let m(j) = -126*j**2 + 1244*j + 2. Give m(10).
-158
Let f(i) = -157352*i - 786811. Determine f(-5).
-51
Let u(c) = 8*c**2 + 3972*c - 17942. Give u(-501).
94
Let x(y) = 4*y**3 + 1063*y**2 + 14809*y + 11. Determine x(-251).
11
Let v(d) = -d**2 - 137*d - 1926. Calculate v(-102).
1644
Let z(w) = -271*w**3 + 6*w**2 + 29*w - 28. Determine z(1).
-264
Let r(c) = 5*c**2 - 72*c - 143. Calculate r(11).
-330
Let r(x) = 1863*x + 106131. Calculate r(-57).
-60
Let z(s) = s**3 + 15*s**2 + 4*s - 84. What is z(-14)?
56
Let y(u) = 56603*u + 57034. Give y(-1).
431
Let h(y) = -2*y**3 - 180*y**2 - 3758*y - 13426. Calculate h(-61).
-6
Let o(s) = 550*s - 198413. Calculate o(361).
137
Let y(v) = -v**3 + 16*v**2 - 194*v + 1927. Calculate y(14).
-397
Let a(c) = 3*c**3 - 35*c**2 - 21*c + 101. Calculate a(12).
-7
Let v(n) = -117*n - 166130. Calculate v(-1420).
10
Let o(p) = 7*p**2 - 9133*p - 18270. Determine o(-2).
24
Let i(n) = -6188*n + 160821. Determine i(26).
-67
Let p(z) = z**2 + 318331*z - 5. Determine p(0).
-5
Let m(a) = 3*a**2 - 3383*a - 75196. Give m(-22).
682
Let d(t) = 30686*t - 306854. Give d(10).
6
Let q(a) = -3*a**2 - 1462*a + 228893. What is q(-612)?
5
Let i(p) = -12*p + 533. Give i(21).
281
Let b(f) = -f**3 + 364*f**2 - 26253*f + 1787. Calculate b(99).
5
Let t(q) = -3*q**3 + 277*q**2 + 770*q - 902. Determine t(95).
48
Let x(g) = -2*g**3 - 383*g**2 - 14774*g - 1113. Calculate x(-138).
-9
Let u(z) = -2*z**3 - 82*z**2 - 142*z + 549. Determine u(-39).
3
Let v(r) = 2394*r - 84573. What is v(35)?
-783
Let x(c) = 128*c - 1183. What is x(11)?
225
Let k(c) = -c**3 - 62*c**2 + 741*c - 24471. Give k(-76).
77
Let q(w) = -8*w**2 - 137*w + 5067. Calculate q(20).
-873
Let v(l) = -278*l**2 - 15570*l - 184. Give v(-56).
-72
Let r(d) = -66006*d + 593722. Give r(9).
-332
Let d(n) = n**3 - 1148*n**2 + 16986*n + 161. Calculate d(15).
26
Let a(c) = -1587*c + 462. What is a(0)?
462
Let v(d) = -224*d**3 - 27*d**2 + 7*d - 7. Calculate v(1).
-251
Let h(l) = -17551*l + 2316724. Determine h(132).
-8
Let o(m) = 480*m - 820. What is o(2)?
140
Let i(b) = -8*b**2 - 1322*b + 17426. Calculate i(13).
-1112
Let v(t) = -t**3 - 2589*t**2 - 296287*t - 17284. Give v(-2469).
-1
Let y(x) = -x**2 - 7346*x - 9715680. Give y(-1730).
0
Let a(r) = -2*r**2 + 406*r + 8220. What is a(-22)?
-1680
Let q(p) = -8*p**2 + 13168*p - 143888. Determine q(11).
-8
Let d(z) = 9*z**2 - 565*z + 1634. Give d(60).
134
Let f(j) = -6*j**3 + 100*j**2 - 221*j + 17. Give f(14).
59
Let f(x) = -250*x**3 + 3*x**2 - 32*x + 30. Calculate f(1).
-249
Let q(m) = -m**3 + 3*m**2 + 35738*m + 107177. Determine q(-3).
17
Let i(u) = 1492*u + 376025. Determine i(-252).
41
Let w(d) = -707*d - 18969. Determine w(-27).
120
Let h(d) = -129*d**3 - 637*d**2 + 9*d + 20. Calculate h(-5).
175
Let c(j) = 9*j**3 - 115*j**2 + 20*j - 583. Give c(13).
15
Let c(m) = 3*m**2 + 1588*m + 8262. Calculate c(-524).
-122
Let f(r) = -922*r - 4272. Give f(-2).
-2428
Let y(s) = -104867*s - 524274. What is y(-5)?
61
Let b(s) = s**3 + 25*s**2 - 9*s - 112. What is b(-25)?
113
Let m(s) = 76*s + 4407. Give m(-54).
303
Let t(m) = -m**2 + 1137*m + 763604. What is t(-474)?
-10
Let b(i) = i**3 - i**2 - 6762*i - 13524. What is b(-2)?
-12
Let g(s) = s**3 - 20*s**2 - 114*s - 141. Calculate g(-3).
-6
Let j(a) = a**2 - 8709*a - 218353. What is j(-25)?
-3
Let t(j) = 14234*j - 100083. Determine t(7).
-445
Let r(b) = -3*b**3 - 2*b**2 - 1583*b + 3166. What is r(2)?
-32
Let q(a) = a**2 - 4257*a + 895740. Give q(222).
-30
Let x(y) = y**3 - 115*y**2 + 2158*y + 105. Calculate x(24).
-519
Let i(m) = -57491*m - 49154806. Determine i(-855).
-1
Let b(c) = 6352*c - 38090. What is b(6)?
22
Let r(u) = -31*u**3 - 1197*u + 1199. Calculate r(1)